the remainder when k is divided by d.
1
Suppose 157660 + 167460 = 508*u. Calculate the remainder when u is divided by 172.
124
Let h = -26146 + 26149. Let f = 79 - 24. Calculate the remainder when f is divided by h.
1
Suppose 4*q = q - 3, -5*m + 2*q + 402 = 0. Let n(g) = 17*g - 2. Let p be n(1). Let w = 7 + p. Calculate the remainder when m is divided by w.
14
Suppose 0 = 4*x - 235 - 25. Let u be (-288)/(16/(-4)) + 3. Suppose -5*r + u = 20. Calculate the remainder when x is divided by r.
10
Let k be 20/(-12)*(-36)/30. Let g(a) = -a - 151*a**2 - k*a + 179*a**2 + 2. What is the remainder when 52 is divided by g(1)?
25
Let v(t) = 21*t + 44. Let z(p) = -p**2 + 8*p + 20. Let d be z(10). Calculate the remainder when v(d) is divided by 12.
8
Let w(k) = -k**2 - 22*k + 56. Let p(l) = -l**2 - 24*l + 57. Let c(r) = 5*p(r) - 6*w(r). What is the remainder when 64 is divided by c(-16)?
12
Suppose -20 = -4*z + 36. Let d be (522/12)/(2/20). What is the remainder when z is divided by (-1)/(-3)*d/58*2?
4
Let a(j) = 2*j**3 + 4*j**2 - 2*j - 10. Let w be a(-2). What is the remainder when 62 is divided by (-4 - w)*(3 - -5)?
14
Let k(b) = -47*b - 222. Calculate the remainder when k(-9) is divided by 70.
61
Let x = 812 - 810. Calculate the remainder when 221 is divided by ((-42)/2)/(12/(-16)*x).
11
Let g(z) = -z**3 + 9*z**2 + 19*z - 17. Let s be g(12). Let y = s - -250. Calculate the remainder when 57 is divided by y.
28
Let u(b) = 2*b**3 - 9*b**2 - 10*b + 38. Calculate the remainder when 1649 is divided by u(5).
11
Let z = -225 - -149. Calculate the remainder when 2 + ((-296)/(-5) - z/95) is divided by 13.
10
Let i = -291 - -228. Let l = 11 + 1. Calculate the remainder when (i/27)/(1/(-9)) is divided by l.
9
Suppose -22 = -5*p + 5*v - 6*v, -3*p - 2*v + 9 = 0. Suppose -34 = -3*k + 4*t + 95, -3*t - 215 = -p*k. Calculate the remainder when k is divided by 20.
3
Let z be 41*((-12)/3 + 0). Let p = z + 174. Calculate the remainder when 238 is divided by p.
8
Let z(l) = 11*l + 79. Suppose 3*u - 48 = -3*u. Suppose -591 = -u*n - 191. Calculate the remainder when n is divided by z(-6).
11
Let n = 18158 - 17878. Calculate the remainder when 51799 is divided by n.
279
Suppose -5*p - v + 110 = 13, 25 = p + 3*v. Calculate the remainder when 83 - (41 - -61)/6 is divided by p.
9
Let r(x) = 299*x**2 + 250*x + 499. Calculate the remainder when r(-2) is divided by 67.
56
Suppose -4*t + 122 = -14*u + 12*u, -5*u - 109 = -3*t. What is the remainder when 3497 is divided by t?
25
Calculate the remainder when 25 is divided by 3 + (2 - -3) + (14 - 5).
8
Let a(n) = -218*n**3 - 2*n**2 + 33*n + 77. What is the remainder when a(-3) is divided by 78?
74
Let o be (6/4)/(-6*(-3)/8880). Suppose -17*j + o = -12*j. What is the remainder when j is divided by -50*((-16)/(-40) + -1)?
28
Let q = 3546 - 3475. What is the remainder when 359 is divided by q?
4
Let m(r) = r**2 - 8*r + 9. Let q be m(7). What is the remainder when 181 is divided by 17/(340/690) - (-5)/q?
33
Let p(l) = 2*l**2 + 13*l - 21. What is the remainder when (1611/2)/(150/25)*4 is divided by p(-10)?
47
Suppose -48 + 284 = 2*i + 4*x, 309 = 3*i - 3*x. Let w = 114 - i. Calculate the remainder when -3*(8/3)/(-1) is divided by w.
2
Suppose 4*t = 3*h - 34, -24 = -5*t + 1. Suppose -h*g + 711 + 1827 = 0. Calculate the remainder when g is divided by 6.
3
Let s be 21/(-28)*8/(-3). Calculate the remainder when 5 - (s + -88) - -2 is divided by 32.
29
Suppose -u = 13*u - 28. What is the remainder when 33 is divided by u?
1
Let u = -171 - -102. Let d = 98 + u. Suppose 0 = -2*b - 2*x + 24, -19 = 2*b + x - 46. What is the remainder when d is divided by b?
14
Suppose -81 = -383*w + 382*w + 3*x, -20 = -4*x. Calculate the remainder when 1711 is divided by w.
79
Let v = -42 + 98. Let d(c) = -1335*c**2 - 10689*c + 2. Calculate the remainder when d(-8) is divided by v.
18
Let v(o) = o**3 - 11*o**2 - 33*o + 229. What is the remainder when 3722 is divided by v(13)?
134
Suppose 4*f + 16 = 2*n, 17*f = 3*n + 13*f - 16. What is the remainder when 60 is divided by -8 + 31 + (-1 - (3 - n))?
3
Let y(j) = -2*j**3 - 14*j**2 + 2. Let p be y(-7). Suppose 8*m - 87 = 5*m + 3*g, -p*g = -m + 30. Calculate the remainder when m is divided by 24.
4
Let s = 42 + -215. Let v = 174 + s. Let m = 7 + -5. What is the remainder when m is divided by v?
0
What is the remainder when 1/(-1 - ((-120)/834)/((-5)/(-35))) is divided by 61?
17
Let r(s) = -35*s**2 + 6*s + 12. Let f be r(-2). Let d = 166 + f. Calculate the remainder when d is divided by 7.
5
Let d(n) = 2*n**3 - 4*n**2 - 9*n - 3. Let j be d(5). Suppose -a + j = -z, 3*a - 4*z = -0*a + 302. What is the remainder when a is divided by 43?
20
What is the remainder when 92/115*2240 + 16 is divided by 904?
0
Let d be (-19 - -1)/((-46)/23). What is the remainder when 2/(-4) + d/18*281 is divided by 47?
46
Suppose f + 0*f - 2*y + 63 = 0, -138 = 2*f - y. Let s = -47 - f. Calculate the remainder when s is divided by (24/(-4) - 0)*-3 - 2.
8
Let g(m) = -10*m - 12. Let s be g(-6). Suppose 5*u = -4*w + 60, 3*w = u - 4*u + s. Suppose -42 = -p + w. Calculate the remainder when p is divided by 17.
11
Let o = -20326 + 20355. What is the remainder when 167 is divided by o?
22
Let i = -561 - -564. Suppose l = -d + 114 + 114, -i*d + 915 = 4*l. What is the remainder when l is divided by 26?
23
Suppose 8*u - 99 = 5*u. Let z = -5143 + 5230. Calculate the remainder when z is divided by u.
21
Suppose -3*j + 12 = -2*g, -3*j - 4 = -g - 16. Let k(w) = -9*w + 54. What is the remainder when k(g) is divided by (-1 - 0)*(0 - 19)?
16
Let o be (-28)/(-2) - 13/((-65)/(-10)). Suppose 89 = 4*l - v, 0 = 4*v - 0*v - o. What is the remainder when 41 is divided by l?
18
Let q(p) = -p**3 - 2*p**2 + 29105*p - 46*p**2 - 29239*p + 56. Suppose 4*y = 10 + 18. What is the remainder when q(-45) is divided by y?
4
Let d(u) = -u**2 + 116*u - 1276. Calculate the remainder when 11969 is divided by d(13).
62
Suppose 241 + 122 = 11*n. Suppose -53 = -3*f + 4*y, 2*f + 2*y = 7*y + n. Calculate the remainder when f is divided by 7.
5
Suppose 86*p - 6570 = -4*p. What is the remainder when 183 is divided by p?
37
Let q(s) = -87*s + 293. Calculate the remainder when 307 is divided by q(3).
19
Let b = 8075 + -8034. Calculate the remainder when 53 is divided by b.
12
Suppose 89 = c - 0*c. Suppose 0 = 4*z - 2*w - 86, -2*z + 4*w = -4*z + 68. Calculate the remainder when c is divided by z.
17
Suppose 0 = -2*v + 3*i + 9, -2*i - 11 = -2*v - 5. Suppose v = -6*f - 0*f + 1206. Suppose -119 = -8*x + f. What is the remainder when x is divided by 15?
10
Let m(a) = 59*a**2 - 5*a + 78. Calculate the remainder when m(-6) is divided by 56.
48
Let d be 2982/16 + (-75)/200. Calculate the remainder when ((-182)/(-4) - 2)*1612/d is divided by 21.
20
Suppose -2*u = 3*x - 116 - 37, 7*x - 377 = 2*u. What is the remainder when 1706 is divided by x?
10
What is the remainder when 1060 is divided by 12*((-96)/36 + 3)?
0
Suppose 35*r - 3047220 = -4*r - 5*r. What is the remainder when r is divided by 357?
354
Calculate the remainder when (-9)/((-117)/26)*(-1 - 0)*-509 is divided by 60.
58
Suppose 107*i = -86*i + 250321. Calculate the remainder when i is divided by 65.
62
Suppose -5*g + 1534*f - 1531*f + 22634 = 0, 4*g - 4*f = 18120. What is the remainder when g is divided by 116?
114
Let k be 4/(-16) - 38/8. Suppose 27 = 17*g - 8*g. What is the remainder when g is divided by -2*(10/4)/k?
0
Let a be -1 - (-4)/(-8)*-2. Suppose -26*r + 23*r = a. Suppose d - 48 - 23 = r. What is the remainder when d is divided by 18?
17
Let w be (-3*2)/(6/(-8)). Suppose -a + 5*k = -130, 3*k + 157 = a + 27. Suppose a = w*h - 3*h. What is the remainder when 76 is divided by h?
24
Suppose -3*s - 3*b + 13560 = 0, 3*b = 5*s - 6*s + 4516. Calculate the remainder when 4529 is divided by s.
7
Let y(o) = 6*o**2 - 1 + 5*o - 3 + 5 - 5. Calculate the remainder when y(4) is divided by 49.
14
Suppose 5*q - 68 = -4*a - 0*q, 0 = -a - 5*q + 17. Let t(h) = -h**2 + 13*h + 24. Let z be t(a). What is the remainder when (z/8)/(3/(-36)*2) is divided by 18?
15
Suppose -603 = 4*p - 103. Let y = p + 217. Suppose 3*j - y = 28. What is the remainder when 119 is divided by j?
39
Suppose 8*k - 621 = 515. What is the remainder when 8089 is divided by k?
137
Let a = -840